 What is the units digit of m?
4
Let d = 26 + -30. What is the units digit of (d - -5) + (-9)/(-3)?
4
Let w(g) = -g**3 + 13*g**2 + 14*g + 4. Let q be ((-392)/42)/((-2)/3). What is the units digit of w(q)?
4
Suppose p = 5*o - 2, 3*p = 4*o - 5*o + 10. Let u(f) = -10*f**3 + f - 1. Let h be u(o). What is the units digit of (8/h)/((-8)/100)?
0
Suppose 2*b - 3 = -f - 11, 0 = -5*f + 5*b + 5. Let m = f - -13. What is the units digit of m?
1
Suppose p - 16 = -5*x + 18, -p - 4*x + 29 = 0. Suppose -4*q + 27 = -p. What is the units digit of q?
9
Let u(r) = -r**3 + 6*r**2 + 12*r - 11. What is the units digit of u(7)?
4
Let q = 106 - 30. Suppose 0 = -3*g - 28 + q. What is the units digit of g?
6
Let x(k) = -k**3 - 9*k**2 - 13*k - 11. Let d be x(-8). Suppose 3*b - 64 = -b. Let w = d - b. What is the tens digit of w?
1
Suppose 467 = 5*i - 133. What is the units digit of i?
0
Suppose -7*b + 2*b = 0. Let h be b - -6*(-6)/(-9). Suppose -h*w = 5*x - 3, -5*w = -2*x + 3*x - 30. What is the units digit of w?
7
Suppose 5*z = 4*z + 25. Suppose -3*v - 5*g + z = 0, 5*g + 3 = -4*v + 38. What is the tens digit of v?
1
Suppose -o - 8 = -0*o. What is the units digit of o/(3/(18/(-4)))?
2
Suppose 194 + 76 = 5*p. Suppose -o = -4*o + p. What is the units digit of o?
8
Suppose 0*w = 2*w - 5*n + 7, 2*n = 3*w + 5. Let m = 3 + w. What is the units digit of 7*(-1 + m) - 3?
4
Suppose z + 8 = -z, -5*l + 151 = z. What is the tens digit of l?
3
What is the units digit of (-1 - -2)/((-1)/(-19))?
9
Let j = -8 + 9. What is the tens digit of (-7 - -19) + 2*j?
1
Suppose 0 = -3*n + 179 + 19. What is the tens digit of n?
6
Let z = 36 + -24. What is the tens digit of z?
1
Let i(n) = n - 2. Suppose 0*b + 6 = 2*c - b, 2*c - 5*b = 22. Let v be 5/c*8/10. What is the units digit of i(v)?
2
Suppose 0 = 2*o - o - 14. Let d(s) = -2*s - 1. Let l be d(-5). Let t = o - l. What is the units digit of t?
5
Let p(i) = -2*i - 5. Let d be p(-10). Suppose -x - 2 = -2*t, 0*t = 4*t - 12. Suppose -x*f - f = -d. What is the units digit of f?
3
Let g = 3 - 4. What is the units digit of g*3/(-3) + 6?
7
Let f = 34 - -2. What is the units digit of f?
6
Let l(u) = 6*u**2 + 3*u + 6. Let o be l(4). Suppose 3*g = 3*f + 51, o = 4*g + 3*f + 46. What is the units digit of g?
7
Let v = 3 - -3. Let m(j) = -j + 5. Let t be m(v). What is the tens digit of ((-2)/t - 10)*-2?
1
Let n be 2/4 - 18/(-12). Let u(y) = y**3 - 3*y**2 + 2*y - 1. Let j be u(2). What is the units digit of (j + n)/(2/12)?
6
Suppose 0 = 5*m - 2*m - h - 12, -2*m + 3*h = -8. Suppose -p + 3*p = m. Suppose -p*b + 5*b = -3*u, 4*b + 25 = u. What is the units digit of u?
5
Suppose -29 = 3*x - 77. Suppose -15 = -4*q + 17. Suppose 3*w - q = x. What is the units digit of w?
8
Suppose -32 = 4*i - 5*i. What is the units digit of i?
2
Suppose 0*o + 4*o + 10 = r, 0 = 2*r + 3*o - 42. Let a = -9 + r. What is the units digit of a?
9
Let m be 3/(-3) + 4*1. What is the units digit of 11 - m - (-3)/(-1)?
5
Suppose 0 = 4*i + 5 - 77. What is the units digit of i?
8
Suppose -5*m + 38 = -3*m. What is the tens digit of m?
1
Let y(u) = -u**3 + 8*u**2 + u - 3. What is the units digit of y(8)?
5
Let k(b) = -b**3 + 3*b**2. Let f(z) = z**2 - 8*z + 10. Let n be f(7). Let c be k(n). Suppose -3*j = -c*j - 15. What is the units digit of j?
5
What is the tens digit of ((-150)/4)/(1*1/(-2))?
7
Suppose -2*c + 3*n + 538 = 0, 0 = 3*c + 2*n + 200 - 994. What is the tens digit of c?
6
Suppose 40 - 8 = 4*t. Suppose t = 3*b + b. What is the units digit of b?
2
Suppose 5*k - 200 = -5*c, 0 = k + 4*k + 3*c - 194. What is the tens digit of k?
3
Let g(f) = f**3 + 2*f**2 - 2. Let u(p) = 2*p**3 + 5*p**2 - 3. Let z(n) = -5*g(n) + 3*u(n). Suppose 2*i + 4 + 6 = 0. What is the units digit of z(i)?
1
Suppose 2*l + 5*j - 5 = -3, 5*l = 3*j + 36. Let t be l/(-9) + 16/6. Suppose 0 = 3*c - 5*a - 39, 3*c = -t*a + 23 + 37. What is the tens digit of c?
1
Let b(s) = 5*s**3 - s**2 + s. Let n be b(1). Suppose -14 = 4*l + t + 5, -n*l = 5*t + 5. Let x = 8 + l. What is the units digit of x?
2
Suppose 0 = -2*x + 3*r + 13, -5*x + 0*r - 3*r = 20. Let u = -9 - -22. Let m = u + x. What is the units digit of m?
2
Suppose -2*a = 2*a - 48. Suppose 0 = -x - 3, 5*n + 2*x = 4*x + 46. What is the units digit of 94/n + 3/a?
2
Let c(d) = 17*d. Let r be c(-3). Let g = 23 + r. Let l = g + 43. What is the tens digit of l?
1
Let z = -2 + 0. Let t = 4 + z. What is the units digit of t?
2
What is the tens digit of 8/(-44) + (-321)/(-11)?
2
Suppose -5*p + 9 = -2*p. Suppose p*r - 2*r = 3. What is the units digit of r?
3
Let x = -134 + 226. What is the units digit of x?
2
Let m(n) = -n**3 + 5*n**2 + 6*n + 8. Let t(l) be the first derivative of -l**4/4 - 7*l**3/3 - 3*l**2 + 6*l - 2. Let h be t(-6). What is the units digit of m(h)?
8
Let t(c) = -c**3 - 7*c**2 + 3. Let n be t(-7). Suppose 0 = 4*r - n*l + 22, -4*r + 3*l - 24 = -l. What is the units digit of (r - 2*-1)*-1?
2
Suppose -w + 5 - 2 = 0. Let y(f) = f**3 - 4*f**2 + 3*f + 1. What is the units digit of y(w)?
1
Let t(z) = z**3 - 4*z**2 - z - 3. Let s be t(-3). Let l = 98 + s. What is the tens digit of l?
3
Let c = 331 - 94. What is the tens digit of c?
3
Let i(r) = r + 5 + 0 - 5. Let d = 10 + -7. What is the units digit of i(d)?
3
What is the tens digit of -5*134/(-5)*1/2?
6
What is the tens digit of (-4)/(16/13)*-4?
1
Suppose -239 = -3*d + 4*h, -6*h = -5*d - 11*h + 340. What is the units digit of d?
3
Let g(r) = 3*r**2 + 4*r - 3. What is the units digit of g(-4)?
9
Suppose 13 = m - 2*u, 0*m - 4*u = 2*m + 6. Suppose -3 = -m*j + 2*j. What is the units digit of j?
1
Let o be 3/(-4 + 1) - 0. What is the tens digit of 6 - -24 - (-1)/o?
2
Suppose 6*d - 6 = 4*d. What is the units digit of d?
3
Suppose 0 = 4*w + 1 - 5. Suppose q + 5*t = -1 - w, 0 = 5*q + 2*t - 13. What is the units digit of q?
3
Let p = 65 - 23. What is the units digit of p?
2
Suppose x + 5*z = 15, -6 - 4 = -5*z. Suppose -2*a + 25 = 3*a + 5*d, x*a - 25 = -d. Let m = a + 0. What is the units digit of m?
5
Suppose 0 = 5*k - u - 1235, 4*u + 361 = 2*k - 115. What is the units digit of k?
8
Let l = -86 - -137. What is the tens digit of l?
5
Suppose 3*t = 21 - 6. Let p(m) = -m**3 + 9*m**2 + 2*m - 12. Let o be p(9). Suppose o*f - 7 = 3*f + 5*y, -y + t = f. What is the units digit of f?
4
Suppose -6*x = -2*x. Let i = x + 6. What is the units digit of i?
6
Let g(j) be the second derivative of j**3/6 + 2*j**2 - j. What is the tens digit of g(9)?
1
Let l(x) be the first derivative of x**4/4 - x**3 + x**2 - 1. Suppose -3*b + 4*h + 6 + 11 = 0, -1 = 3*b + 5*h. What is the units digit of l(b)?
6
Let c be (-30)/9*(-234)/15. Suppose -3*f - 30 = -3*a, -4*a - 2*f = -0*f - c. What is the tens digit of a?
1
What is the units digit of 3 + -1 + -6 + 8?
4
Let n(t) = -t**2 + 8*t - 7. Let v be n(7). Let f be 1*(-14 - (1 - v)). Let a = f + 27. What is the tens digit of a?
1
Let q = 157 + -94. What is the units digit of q?
3
Suppose 6 = -z - w - 1, 5*z + 63 = 2*w. Let f = -16 - z. Let l = f - -15. What is the units digit of l?
0
Let r be (0 + -3)/(4/8). Let w(i) = i**2 + 5*i - 7. Let d be w(r). Let q = 0 - d. What is the units digit of q?
1
Let z be 0/(-1)*(-1)/(-1). Suppose -2*g + 5 + 1 = z. What is the units digit of g?
3
Let j = -5 - -5. Suppose -g - 3*g - 2*n + 130 = 0, -2*g + 2*n + 80 = j. Suppose -11 = 4*a - g. What is the units digit of a?
6
Suppose 5*f - 1227 = 153. What is the units digit of f?
6
Let i = 3 - -27. What is the units digit of i?
0
Suppose -4*v - 24 = -v - 3*n, n - 4 = 0. Let u(w) be the first derivative of -2*w**2 + 2. What is the tens digit of u(v)?
1
What is the tens digit of (-28)/(-21)*102/4?
3
Let u = -127 - -223. What is the units digit of u?
6
Suppose -8*f + 13 = -3. What is the units digit of f?
2
Let k(c) = c**2 + 4*c + 2. Let d(r) = r - 3. Let q(w) = 2*w - 4. Let x(b) = -5*d(b) + 4*q(b). Let g be x(-1). What is the units digit of k(g)?
2
Suppose -4*j - 9 = 3. What is the tens digit of 33 + 1 + 2 + j?
3
Let l(a) = 38*a - 4. What is the units digit of l(2)?
2
Let x(i) = -i**3 - 7*i**2 - 8*i + 1. What is the tens digit of x(-6)?
1
Let o(t) = t**2 - 9*t - 7. What is the units digit of o(-9)?
5
Suppose 7 = 3*k + 4*f, 0 - 25 = 5*f. Suppose -4*a = -k*a + 25. What is the units digit of a?
5
Let q be ((-6)/(-4))/(3/376). Suppose 2*h - 6*h